{"id":145,"date":"2024-01-09T08:39:43","date_gmt":"2024-01-09T08:39:43","guid":{"rendered":"https:\/\/www.lassekuusisto.net\/kauppa\/?post_type=product&#038;p=145"},"modified":"2026-04-01T09:59:36","modified_gmt":"2026-04-01T07:59:36","slug":"vyo","status":"publish","type":"product","link":"https:\/\/www.lassekuusisto.net\/kauppa\/tuote\/vyo\/","title":{"rendered":"Vy\u00f6"},"content":{"rendered":"<p>Taekwon-Dossa k\u00e4ytetty vy\u00f6. V\u00e4rivaihtoehtoina valkoinen, keltainen, vihre\u00e4, sininen, punainen ja musta.<\/p>\n<p>Varastossa on hieman eri pituuksia (180 cm, 200 cm ja 220 cm)\u00a0 ja leveyksi\u00e4 (v\u00e4rivy\u00f6t 4,0 cm ja 4,5 cm, musta vy\u00f6 5 cm) eri v\u00e4reist\u00e4.<\/p>\n","protected":false},"excerpt":{"rendered":"<p>Taekwon-Dossa k\u00e4ytetty vy\u00f6. V\u00e4rivaihtoehtoina valkoinen, keltainen, vihre\u00e4, sininen, punainen ja musta. Varastossa on hieman eri pituuksia (180 cm, 200 cm ja 220 cm)\u00a0 ja leveyksi\u00e4 (v\u00e4rivy\u00f6t 4,0 cm ja 4,5 cm, musta vy\u00f6 5 cm) eri v\u00e4reist\u00e4.<\/p>\n","protected":false},"featured_media":142,"comment_status":"closed","ping_status":"closed","template":"","meta":[],"product_brand":[],"product_cat":[24,31],"product_tag":[],"class_list":{"0":"post-145","1":"product","2":"type-product","3":"status-publish","4":"has-post-thumbnail","6":"product_cat-varusteet","7":"product_cat-vyot","9":"first","10":"instock","11":"shipping-taxable","12":"purchasable","13":"product-type-variable"},"_links":{"self":[{"href":"https:\/\/www.lassekuusisto.net\/kauppa\/wp-json\/wp\/v2\/product\/145","targetHints":{"allow":["GET"]}}],"collection":[{"href":"https:\/\/www.lassekuusisto.net\/kauppa\/wp-json\/wp\/v2\/product"}],"about":[{"href":"https:\/\/www.lassekuusisto.net\/kauppa\/wp-json\/wp\/v2\/types\/product"}],"replies":[{"embeddable":true,"href":"https:\/\/www.lassekuusisto.net\/kauppa\/wp-json\/wp\/v2\/comments?post=145"}],"wp:featuredmedia":[{"embeddable":true,"href":"https:\/\/www.lassekuusisto.net\/kauppa\/wp-json\/wp\/v2\/media\/142"}],"wp:attachment":[{"href":"https:\/\/www.lassekuusisto.net\/kauppa\/wp-json\/wp\/v2\/media?parent=145"}],"wp:term":[{"taxonomy":"product_brand","embeddable":true,"href":"https:\/\/www.lassekuusisto.net\/kauppa\/wp-json\/wp\/v2\/product_brand?post=145"},{"taxonomy":"product_cat","embeddable":true,"href":"https:\/\/www.lassekuusisto.net\/kauppa\/wp-json\/wp\/v2\/product_cat?post=145"},{"taxonomy":"product_tag","embeddable":true,"href":"https:\/\/www.lassekuusisto.net\/kauppa\/wp-json\/wp\/v2\/product_tag?post=145"}],"curies":[{"name":"wp","href":"https:\/\/api.w.org\/{rel}","templated":true}]}}